{"id":24,"date":"2014-02-15T06:55:42","date_gmt":"2014-02-15T06:55:42","guid":{"rendered":"http:\/\/akuma-for-africa.com\/?page_id=24"},"modified":"2021-03-20T11:58:56","modified_gmt":"2021-03-20T11:58:56","slug":"veranstaltungen","status":"publish","type":"page","link":"https:\/\/akuma-for-africa.com\/?page_id=24","title":{"rendered":"Veranstaltungen"},"content":{"rendered":"<h2>Festival der Kulturen 01.\/02.08.2014<\/h2>\n<p>Am 01. \u00a0August\u00a0 von 17.00 &#8211; 23.00 Uhr und am 2. August von 15.00 bis 23.00 Uhr findet ihr unseren Informationsstand im Annahof beim &#8222;Festival der Kulturen&#8220;. Neben Informationen\u00a0bieten wir\u00a0ghanaische Getr\u00e4nke , Oware spielen\u00a0und den Verkauf von \u00a0Kleinigkeiten wie Schl\u00fcsselanh\u00e4nger, Schmuck, Taschen aus Ghana etc&#8230; . Der Erl\u00f6s flie\u00dft selbstverst\u00e4ndlich unserem Projekt zu.<\/p>\n","protected":false},"excerpt":{"rendered":"<p>CONTENTS<\/p>\n","protected":false},"author":1,"featured_media":0,"parent":0,"menu_order":3,"comment_status":"open","ping_status":"closed","template":"","meta":{"ngg_post_thumbnail":0,"footnotes":""},"class_list":["post-24","page","type-page","status-publish","hentry"],"_links":{"self":[{"href":"https:\/\/akuma-for-africa.com\/index.php?rest_route=\/wp\/v2\/pages\/24"}],"collection":[{"href":"https:\/\/akuma-for-africa.com\/index.php?rest_route=\/wp\/v2\/pages"}],"about":[{"href":"https:\/\/akuma-for-africa.com\/index.php?rest_route=\/wp\/v2\/types\/page"}],"author":[{"embeddable":true,"href":"https:\/\/akuma-for-africa.com\/index.php?rest_route=\/wp\/v2\/users\/1"}],"replies":[{"embeddable":true,"href":"https:\/\/akuma-for-africa.com\/index.php?rest_route=%2Fwp%2Fv2%2Fcomments&post=24"}],"version-history":[{"count":2,"href":"https:\/\/akuma-for-africa.com\/index.php?rest_route=\/wp\/v2\/pages\/24\/revisions"}],"predecessor-version":[{"id":165,"href":"https:\/\/akuma-for-africa.com\/index.php?rest_route=\/wp\/v2\/pages\/24\/revisions\/165"}],"wp:attachment":[{"href":"https:\/\/akuma-for-africa.com\/index.php?rest_route=%2Fwp%2Fv2%2Fmedia&parent=24"}],"curies":[{"name":"wp","href":"https:\/\/api.w.org\/{rel}","templated":true}]}}