{"id":885,"date":"2018-03-11T17:07:41","date_gmt":"2018-03-11T17:07:41","guid":{"rendered":"http:\/\/akuma-for-africa.com\/?page_id=885"},"modified":"2021-03-20T11:57:50","modified_gmt":"2021-03-20T11:57:50","slug":"spenden-2","status":"publish","type":"page","link":"http:\/\/akuma-for-africa.com\/?page_id=885","title":{"rendered":"Spenden"},"content":{"rendered":"<p><strong>Spenden<\/strong>\u00a0k\u00f6nnen<strong>\u00a0<\/strong>auf folgendes Konto \u00fcberwiesen werden:<\/p>\n<p><strong>Akuma for Africa e.V.<\/strong><\/p>\n<p>IBAN:\u00a0<strong>DE29 7205 0000 0251 0165 56<\/strong><\/p>\n<p>BIC:\u00a0<strong>AUGSDE77XXX<\/strong><\/p>\n<p>Als Nachweis einer Zuwendung bis 200,00 \u20ac gen\u00fcgt nach \u00a7 50 Abs. 2 EStDV der Bareinzahlungsbeleg oder die Buchungsbet\u00e4tigung des Kreditinstituts. F\u00fcr alle Spenden \u00fcber 200,00\u00a0\u20ac werden wir zum Ende des Jahres entsprechende Spendenbescheinigungen erstellen.<\/p>\n<p>Die Einhaltung der satzungsm\u00e4\u00dfigen Voraussetzungen\u00a0nach den \u00a7\u00a7 51, 59, 60 und 61 AO wurde vom Finanzamt Augsburg-Land, StNr. 102\/107\/00663 mit Bescheid vom 09.01.2014 nach \u00a7 60a AO gesondert festgestellt. Wir f\u00f6rdern nach unserer Satzung mildt\u00e4tige und gemeinn\u00fctzige Zwecke.<\/p>\n","protected":false},"excerpt":{"rendered":"<p>Spenden\u00a0k\u00f6nnen\u00a0auf folgendes Konto \u00fcberwiesen werden: Akuma for Africa e.V. IBAN:\u00a0DE29 7205 0000 0251 0165 56 BIC:\u00a0AUGSDE77XXX Als Nachweis einer Zuwendung bis 200,00 \u20ac gen\u00fcgt nach \u00a7 50 Abs. 2 EStDV der Bareinzahlungsbeleg oder die Buchungsbet\u00e4tigung des Kreditinstituts. F\u00fcr alle Spenden \u00fcber 200,00\u00a0\u20ac werden wir zum Ende des Jahres entsprechende Spendenbescheinigungen erstellen. Die Einhaltung der satzungsm\u00e4\u00dfigen Voraussetzungen\u00a0nach den \u00a7\u00a7 51, 59, 60 und 61 AO wurde vom Finanzamt Augsburg-Land, StNr. 102\/107\/00663 mit Bescheid vom 09.01.2014 nach \u00a7 60a AO gesondert festgestellt. Wir f\u00f6rdern nach unserer Satzung mildt\u00e4tige und gemeinn\u00fctzige Zwecke.<\/p>\n","protected":false},"author":1,"featured_media":218,"parent":1098,"menu_order":1,"comment_status":"open","ping_status":"closed","template":"","meta":{"ngg_post_thumbnail":0,"footnotes":""},"class_list":["post-885","page","type-page","status-publish","has-post-thumbnail","hentry"],"_links":{"self":[{"href":"http:\/\/akuma-for-africa.com\/index.php?rest_route=\/wp\/v2\/pages\/885"}],"collection":[{"href":"http:\/\/akuma-for-africa.com\/index.php?rest_route=\/wp\/v2\/pages"}],"about":[{"href":"http:\/\/akuma-for-africa.com\/index.php?rest_route=\/wp\/v2\/types\/page"}],"author":[{"embeddable":true,"href":"http:\/\/akuma-for-africa.com\/index.php?rest_route=\/wp\/v2\/users\/1"}],"replies":[{"embeddable":true,"href":"http:\/\/akuma-for-africa.com\/index.php?rest_route=%2Fwp%2Fv2%2Fcomments&post=885"}],"version-history":[{"count":4,"href":"http:\/\/akuma-for-africa.com\/index.php?rest_route=\/wp\/v2\/pages\/885\/revisions"}],"predecessor-version":[{"id":889,"href":"http:\/\/akuma-for-africa.com\/index.php?rest_route=\/wp\/v2\/pages\/885\/revisions\/889"}],"up":[{"embeddable":true,"href":"http:\/\/akuma-for-africa.com\/index.php?rest_route=\/wp\/v2\/pages\/1098"}],"wp:featuredmedia":[{"embeddable":true,"href":"http:\/\/akuma-for-africa.com\/index.php?rest_route=\/wp\/v2\/media\/218"}],"wp:attachment":[{"href":"http:\/\/akuma-for-africa.com\/index.php?rest_route=%2Fwp%2Fv2%2Fmedia&parent=885"}],"curies":[{"name":"wp","href":"https:\/\/api.w.org\/{rel}","templated":true}]}}